ctors of 356388233.
1409, 252937
List the prime factors of 1453406389.
173, 8401193
What are the prime factors of 297282212?
2, 433, 171641
What are the prime factors of 59266912?
2, 1852091
List the prime factors of 516725577.
3, 19, 31, 107, 911
What are the prime factors of 835261609?
7, 13, 53, 173183
What are the prime factors of 772887277?
67, 11535631
List the prime factors of 160279734.
2, 3, 31, 861719
What are the prime factors of 324296013?
3, 67, 1613413
List the prime factors of 11859634.
2, 5929817
What are the prime factors of 890915378?
2, 37, 12039397
What are the prime factors of 144252919?
144252919
List the prime factors of 31915529.
2753, 11593
What are the prime factors of 69812797?
23, 1523, 1993
List the prime factors of 200723846.
2, 97, 1034659
What are the prime factors of 61857322?
2, 17, 1819333
List the prime factors of 1225470650.
2, 5, 71, 109, 3167
List the prime factors of 47770837.
223, 214219
What are the prime factors of 1214561976?
2, 3, 50606749
List the prime factors of 6011397333.
3, 31, 21546227
List the prime factors of 3096966074.
2, 173, 8950769
List the prime factors of 30409975.
5, 19, 73, 877
What are the prime factors of 13578519?
3, 37, 149, 821
What are the prime factors of 753053525?
5, 7, 4303163
List the prime factors of 241345396.
2, 17, 3549197
What are the prime factors of 44986546?
2, 11, 2044843
What are the prime factors of 6277923375?
3, 5, 16741129
List the prime factors of 30977850.
2, 3, 5, 206519
What are the prime factors of 2012432225?
5, 80497289
List the prime factors of 34966032.
2, 3, 79, 9221
What are the prime factors of 112183022?
2, 7, 97, 82609
List the prime factors of 237151037.
17, 127, 109843
List the prime factors of 169672145.
5, 31, 41, 26699
List the prime factors of 482197605.
3, 5, 17, 769, 2459
List the prime factors of 393027762.
2, 3, 67, 977681
What are the prime factors of 96521272?
2, 67, 180077
What are the prime factors of 49449791?
49449791
List the prime factors of 1245214256.
2, 11, 13, 109, 4993
List the prime factors of 63195038.
2, 37, 83, 10289
List the prime factors of 70878084.
2, 3, 107, 55201
What are the prime factors of 386650196?
2, 96662549
List the prime factors of 565622263.
197, 881, 3259
List the prime factors of 28711791.
3, 229, 13931
List the prime factors of 2655645490.
2, 5, 265564549
List the prime factors of 1483644923.
23, 241, 267661
List the prime factors of 1677446663.
487, 3444449
What are the prime factors of 157576207?
157576207
What are the prime factors of 9300678?
2, 3, 89, 17417
What are the prime factors of 2576881759?
6389, 403331
What are the prime factors of 74289108?
2, 3, 937, 6607
List the prime factors of 300818769.
3, 29, 37, 113, 827
List the prime factors of 1837119927.
3, 29, 317, 2297
What are the prime factors of 66696901?
47, 1419083
What are the prime factors of 137408936?
2, 7, 167, 2099
List the prime factors of 10577666.
2, 11, 480803
List the prime factors of 1245886875.
3, 5, 61, 3631
What are the prime factors of 169705036?
2, 19, 31, 72031
What are the prime factors of 274878304?
2, 17, 29723
What are the prime factors of 73573442?
2, 61, 479, 1259
List the prime factors of 1182065664.
2, 3, 13, 29599
List the prime factors of 962134369.
7, 19, 7234093
What are the prime factors of 919741315?
5, 41, 4486543
List the prime factors of 113970946.
2, 991, 57503
What are the prime factors of 1107880817?
101, 127, 86371
What are the prime factors of 3545229?
3, 19, 37, 41
What are the prime factors of 1540746196?
2, 11, 35016959
What are the prime factors of 1695021760?
2, 5, 5296943
List the prime factors of 360705314.
2, 180352657
List the prime factors of 194411728.
2, 7, 17, 102107
List the prime factors of 61016789.
263, 232003
What are the prime factors of 6123040?
2, 5, 7, 11, 71
What are the prime factors of 1049516670?
2, 3, 5, 29, 1206341
What are the prime factors of 1160414312?
2, 5813, 24953
What are the prime factors of 537063662?
2, 23, 101, 115597
What are the prime factors of 166121868?
2, 3, 11, 191, 599
List the prime factors of 588165403.
7, 84023629
List the prime factors of 120421743.
3, 13, 3087737
What are the prime factors of 755396091?
3, 19, 1472507
What are the prime factors of 71486578?
2, 701, 50989
What are the prime factors of 1763000089?
1783, 988783
What are the prime factors of 6002210?
2, 5, 600221
What are the prime factors of 582867538?
2, 11, 26493979
What are the prime factors of 268055554?
2, 13, 10309829
What are the prime factors of 185017426?
2, 11, 17, 494699
What are the prime factors of 24428539?
24428539
List the prime factors of 278402216.
2, 53, 656609
What are the prime factors of 1141351041?
3, 89, 1093, 3911
List the prime factors of 67180136.
2, 353, 23789
What are the prime factors of 67165817?
19, 3535043
What are the prime factors of 160680348?
2, 3, 55103
List the prime factors of 13627345.
5, 43, 241, 263
What are the prime factors of 688073388?
2, 3, 4201, 13649
What are the prime factors of 3396050279?
31, 109550009
What are the prime factors of 1798030234?
2, 7, 11, 13, 81647
What are the prime factors of 57433485?
3, 5, 19, 29, 6949
List the prime factors of 4513764038.
2, 7, 239, 1349003
What are the prime factors of 76991172?
2, 3, 29, 221239
What are the prime factors of 4246897334?
2, 2123448667
List the prime factors of 69956874.
2, 3, 13, 29, 61
List the prime factors of 3306553266.
2, 3, 97, 1097, 5179
List the prime factors of 52617854.
2, 1721, 15287
List the prime factors of 563260045.
5, 131, 859939
List the prime factors of 1248196659.
3, 19, 21898187
What are the prime factors of 88268257?
7, 11, 29, 5647
What are the prime factors of 2029655369?
7, 4129, 70223
List the prime factors of 1938355927.
19, 1667, 3221
What are the prime factors of 1430320683?
3, 11, 5179, 8369
What are the prime factors of 2164009275?
3, 5, 19, 506201
What are the prime factors of 67206448?
2, 4200403
What are the prime factors of 1655357510?
2, 5, 197, 823, 1021
List the prime factors of 174254113.
11, 15841283
What are the prime factors of 32077243?
11, 53, 55021
List the prime factors of 1678034552.
2, 19, 23, 41, 509
What are the prime factors of 24133815?
3, 5, 53, 3373
What are the prime factors of 318039132?
2, 3, 41, 646421
List the prime factors of 50057568.
2, 3, 11, 23, 229
List the prime factors of 89078434.
2, 44539217
List the prime factors of 56879435.
5, 151, 75337
What are the prime factors of 66833061?
3, 22277687
What are the prime factors of 5078802410?
2, 5, 11, 19, 37, 65677
What are the prime factors of 479097574?
2, 29, 227, 36389
What are the prime factors of 1523925376?
2, 103, 115589
List the prime factors of 258805333.
2027, 127679
What are the prime factors of 838235937?
3, 7, 11, 43, 84389
List the prime factors of 34629276.
2, 3, 11, 43, 6101
What are the prime factors of 50794738?
2, 839, 30271
What are the prime factors of 45625361?
233, 195817
What are the prime factors of 19527769?
71, 275039
What are the prime factors of 41867176?
2, 13, 23, 761
List the prime factors of 65339939.
7, 9334277
List the prime factors of 120578431.
769, 156799
What are the prime factors of 52027946?
2, 227, 114599
List the prime factors of 2599374922.
2, 29, 44816809
List the prime factors of 347764803.
3, 115921601
What are the prime factors of 1684386283?
4751, 354533
What are the prime factors of 654034949?
277, 307, 7691
What are the prime factors of 2618613382?
2, 7, 11, 2843, 5981
List the prime factors of 1808272689.
3, 47, 3191, 4019
List the prime factors of 2246125688.
2, 67, 4190533
What are the prime factors of 5794781?
23, 251947
What are the prime factors of 4559457630?
2, 3, 5, 7, 13, 17, 5779
List the prime factors of 82667533.
13, 489157
List the prime factors of 181868221.
107, 1699703
List the prime factors of 171800571.
3, 57266857
What are the prime factors of 536937637?
241, 1361, 1637
List the prime factors of 134420801.
19, 7074779
What are the prime factors of 1050466654?
2, 525233327
What are the prime factors of 170260496?
2, 7, 217169
List the prime factors of 79562126.
2, 7, 43, 149, 887
List the prime factors of 145520931.
3, 23, 41, 51439
List the prime factors of 1449235599.
3, 7, 71, 971989
Li